{"id":6,"date":"2019-07-04T14:02:26","date_gmt":"2019-07-04T14:02:26","guid":{"rendered":"http:\/\/www.elektryczneuslugi.com\/Blog\/?page_id=6"},"modified":"2026-03-18T11:32:30","modified_gmt":"2026-03-18T11:32:30","slug":"blog","status":"publish","type":"page","link":"https:\/\/www.elektryczneuslugi.com\/Blog\/?page_id=6","title":{"rendered":"Blog"},"content":{"rendered":"\n<div class=\"wp-block-query alignfull is-layout-flow wp-block-query-is-layout-flow\">\n<div class=\"wp-block-group alignfull\" style=\"padding-top:var(--wp--preset--spacing--40);padding-right:var(--wp--preset--spacing--40);padding-bottom:var(--wp--preset--spacing--40);padding-left:var(--wp--preset--spacing--40)\"><div class=\"wp-block-group__inner-container is-layout-flow wp-block-group-is-layout-flow\"><ul style=\"text-transform:none;\" class=\"wp-block-post-template is-layout-flow wp-block-post-template-is-layout-flow\"><li class=\"wp-block-post post-553 post type-post status-publish format-standard has-post-thumbnail hentry category-instalacje category-nauka category-oswietlenie tag-elektryk-lodz tag-instalacja tag-kabel tag-ogrod tag-porady\">\n\n<div class=\"wp-block-group is-content-justification-left\"><div class=\"wp-block-group__inner-container is-layout-constrained wp-container-core-group-is-layout-b4bdc4c8 wp-block-group-is-layout-constrained\">\n<div class=\"wp-block-group is-vertical is-layout-flex wp-container-core-group-is-layout-438e4d21 wp-block-group-is-layout-flex\" style=\"padding-bottom:var(--wp--preset--spacing--80)\"><div style=\"font-size:0.9rem;letter-spacing:1px; margin-top:0;margin-right:0;margin-bottom:0;margin-left:0;\" class=\"has-text-align-left has-link-color wp-elements-ac2287e58ff1ab9b47e701aaabe2723e wp-block-post-date has-text-color has-contrast-color\"><time datetime=\"2026-03-22T17:32:21+00:00\">3\/22\/2026<\/time><\/div>\n\n\n<div class=\"wp-block-group\" style=\"margin-top:0;margin-bottom:0\"><div class=\"wp-block-group__inner-container is-layout-constrained wp-block-group-is-layout-constrained\"><h2 style=\"font-size:4.6rem;font-style:normal;font-weight:600;line-height:1;\" class=\"has-link-color wp-elements-6c63676d444148112043a3d23d59cf70 wp-block-post-title has-text-color has-contrast-color\"><a href=\"https:\/\/www.elektryczneuslugi.com\/Blog\/?p=553\" target=\"_self\" >O\u015bwietlenie ogrodu i posesji \u2013 projekt elektryk \u0142\u00f3d\u017a (2)<\/a><\/h2>\n\n<div style=\"line-height:1.7;\" class=\"wp-block-post-excerpt has-small-font-size\"><p class=\"wp-block-post-excerpt__excerpt\">Zasilanie zewn\u0119trzne (instalacja ogrodowa) jest cz\u0119sto pomijane na etapie projektu i zaczynamy o nim my\u015ble\u0107 dopiero przy pierwszym wyj\u015bciu na &hellip; Czytaj dalej O\u015bwietlenie ogrodu i posesji \u2013 projekt elektryk \u0142\u00f3d\u017a (2) <\/p><\/div><\/div><\/div>\n<\/div>\n<\/div><\/div>\n\n<\/li><li class=\"wp-block-post post-397 post type-post status-publish format-standard has-post-thumbnail hentry category-instalacje category-nauka category-oswietlenie tag-elektryk-lodz tag-instalacja tag-kabel tag-ogrod tag-porady\">\n\n<div class=\"wp-block-group is-content-justification-left\"><div class=\"wp-block-group__inner-container is-layout-constrained wp-container-core-group-is-layout-b4bdc4c8 wp-block-group-is-layout-constrained\">\n<div class=\"wp-block-group is-vertical is-layout-flex wp-container-core-group-is-layout-438e4d21 wp-block-group-is-layout-flex\" style=\"padding-bottom:var(--wp--preset--spacing--80)\"><div style=\"font-size:0.9rem;letter-spacing:1px; margin-top:0;margin-right:0;margin-bottom:0;margin-left:0;\" class=\"has-text-align-left has-link-color wp-elements-ac2287e58ff1ab9b47e701aaabe2723e wp-block-post-date has-text-color has-contrast-color\"><time datetime=\"2026-03-19T15:42:18+00:00\">3\/19\/2026<\/time><\/div>\n\n\n<div class=\"wp-block-group\" style=\"margin-top:0;margin-bottom:0\"><div class=\"wp-block-group__inner-container is-layout-constrained wp-block-group-is-layout-constrained\"><h2 style=\"font-size:4.6rem;font-style:normal;font-weight:600;line-height:1;\" class=\"has-link-color wp-elements-6c63676d444148112043a3d23d59cf70 wp-block-post-title has-text-color has-contrast-color\"><a href=\"https:\/\/www.elektryczneuslugi.com\/Blog\/?p=397\" target=\"_self\" >O\u015bwietlenie ogrodu i posesji \u2013 projekt elektryk \u0142\u00f3d\u017a (1)<\/a><\/h2>\n\n<div style=\"line-height:1.7;\" class=\"wp-block-post-excerpt has-small-font-size\"><p class=\"wp-block-post-excerpt__excerpt\">Zasilanie zewn\u0119trzne (instalacja ogrodowa) jest cz\u0119sto pomijane na etapie projektu i zaczynamy o nim my\u015ble\u0107 dopiero przy pierwszym wyj\u015bciu na &hellip; Czytaj dalej O\u015bwietlenie ogrodu i posesji \u2013 projekt elektryk \u0142\u00f3d\u017a (1) <\/p><\/div><\/div><\/div>\n<\/div>\n<\/div><\/div>\n\n<\/li><li class=\"wp-block-post post-532 post type-post status-publish format-standard has-post-thumbnail hentry category-fotowoltaika category-instalacje category-nauka category-nowosci tag-elektryk tag-fotowoltaika tag-ladowarka tag-samochod-elektryczny tag-tesla tag-wollbox\">\n\n<div class=\"wp-block-group is-content-justification-left\"><div class=\"wp-block-group__inner-container is-layout-constrained wp-container-core-group-is-layout-b4bdc4c8 wp-block-group-is-layout-constrained\">\n<div class=\"wp-block-group is-vertical is-layout-flex wp-container-core-group-is-layout-438e4d21 wp-block-group-is-layout-flex\" style=\"padding-bottom:var(--wp--preset--spacing--80)\"><div style=\"font-size:0.9rem;letter-spacing:1px; margin-top:0;margin-right:0;margin-bottom:0;margin-left:0;\" class=\"has-text-align-left has-link-color wp-elements-ac2287e58ff1ab9b47e701aaabe2723e wp-block-post-date has-text-color has-contrast-color\"><time datetime=\"2025-04-22T13:13:40+00:00\">4\/22\/2025<\/time><\/div>\n\n\n<div class=\"wp-block-group\" style=\"margin-top:0;margin-bottom:0\"><div class=\"wp-block-group__inner-container is-layout-constrained wp-block-group-is-layout-constrained\"><h2 style=\"font-size:4.6rem;font-style:normal;font-weight:600;line-height:1;\" class=\"has-link-color wp-elements-6c63676d444148112043a3d23d59cf70 wp-block-post-title has-text-color has-contrast-color\"><a href=\"https:\/\/www.elektryczneuslugi.com\/Blog\/?p=532\" target=\"_self\" >\u0141adowanie &#8222;ELEKTRYKA&#8221; Wollbox do twojego gara\u017cu. Jak zrobi\u0107 to bezpiecznie.<\/a><\/h2>\n\n<div style=\"line-height:1.7;\" class=\"wp-block-post-excerpt has-small-font-size\"><p class=\"wp-block-post-excerpt__excerpt\">Energia\/\u0141adowarki\/Instalacja &#8211; jest wiele mo\u017cliwo\u015bci do pope\u0142nienia b\u0142\u0119du Kilka s\u0142\u00f3w o samych \u0142adowarkach &#8211; Rodzaje \u0142adowania a) \u0141adowanie z gniazdka &hellip; Czytaj dalej \u0141adowanie &#8222;ELEKTRYKA&#8221; Wollbox do twojego gara\u017cu. Jak zrobi\u0107 to bezpiecznie. <\/p><\/div><\/div><\/div>\n<\/div>\n<\/div><\/div>\n\n<\/li><\/ul><\/div><\/div>\n\n\n\n<div class=\"wp-block-group is-content-justification-left\" style=\"margin-top:0;margin-bottom:0;padding-top:0;padding-right:var(--wp--preset--spacing--40);padding-bottom:var(--wp--preset--spacing--40);padding-left:var(--wp--preset--spacing--40)\"><div class=\"wp-block-group__inner-container is-layout-constrained wp-container-core-group-is-layout-4f3b647b wp-block-group-is-layout-constrained\"><nav class=\"wp-block-query-pagination is-content-justification-left is-nowrap is-layout-flex wp-container-core-query-pagination-is-layout-f56a869c wp-block-query-pagination-is-layout-flex\" aria-label=\"Stronicowanie\">\n\n\n<a href=\"\/Blog\/index.php?rest_route=%2Fwp%2Fv2%2Fpages%2F6&#038;query-31-page=2\" style=\"font-size:0.9rem;text-transform:uppercase;letter-spacing:1px;\" class=\"wp-elements-165a8aa96a7546446f11c5f70728c230 wp-block-query-pagination-next\">Nast\u0119pna strona<\/a>\n<\/nav><\/div><\/div>\n<\/div>\n","protected":false},"excerpt":{"rendered":"","protected":false},"author":1,"featured_media":0,"parent":0,"menu_order":0,"comment_status":"closed","ping_status":"closed","template":"","meta":{"om_disable_all_campaigns":false,"_exactmetrics_skip_tracking":false,"_exactmetrics_sitenote_active":false,"_exactmetrics_sitenote_note":"","_exactmetrics_sitenote_category":0,"_monsterinsights_skip_tracking":false,"_monsterinsights_sitenote_active":false,"_monsterinsights_sitenote_note":"","_monsterinsights_sitenote_category":0,"_uf_show_specific_survey":0,"_uf_disable_surveys":false,"footnotes":""},"class_list":["post-6","page","type-page","status-publish","hentry"],"aioseo_notices":[],"_links":{"self":[{"href":"https:\/\/www.elektryczneuslugi.com\/Blog\/index.php?rest_route=\/wp\/v2\/pages\/6","targetHints":{"allow":["GET"]}}],"collection":[{"href":"https:\/\/www.elektryczneuslugi.com\/Blog\/index.php?rest_route=\/wp\/v2\/pages"}],"about":[{"href":"https:\/\/www.elektryczneuslugi.com\/Blog\/index.php?rest_route=\/wp\/v2\/types\/page"}],"author":[{"embeddable":true,"href":"https:\/\/www.elektryczneuslugi.com\/Blog\/index.php?rest_route=\/wp\/v2\/users\/1"}],"replies":[{"embeddable":true,"href":"https:\/\/www.elektryczneuslugi.com\/Blog\/index.php?rest_route=%2Fwp%2Fv2%2Fcomments&post=6"}],"version-history":[{"count":2,"href":"https:\/\/www.elektryczneuslugi.com\/Blog\/index.php?rest_route=\/wp\/v2\/pages\/6\/revisions"}],"predecessor-version":[{"id":545,"href":"https:\/\/www.elektryczneuslugi.com\/Blog\/index.php?rest_route=\/wp\/v2\/pages\/6\/revisions\/545"}],"wp:attachment":[{"href":"https:\/\/www.elektryczneuslugi.com\/Blog\/index.php?rest_route=%2Fwp%2Fv2%2Fmedia&parent=6"}],"curies":[{"name":"wp","href":"https:\/\/api.w.org\/{rel}","templated":true}]}}